units digit of 879?
9
What is the ten thousands digit of 11237?
1
What is the ten thousands digit of 43068?
4
What is the hundreds digit of 11321?
3
What is the thousands digit of 24488?
4
What is the units digit of 3401?
1
What is the hundreds digit of 188?
1
What is the tens digit of 284?
8
What is the tens digit of 244?
4
What is the units digit of 1177?
7
What is the thousands digit of 123493?
3
What is the thousands digit of 7565?
7
What is the units digit of 1893?
3
What is the thousands digit of 29479?
9
What is the units digit of 7984?
4
What is the ten thousands digit of 72694?
7
What is the units digit of 4939?
9
What is the units digit of 76?
6
What is the thousands digit of 4971?
4
What is the hundreds digit of 2505?
5
What is the ten thousands digit of 84627?
8
What is the units digit of 14328?
8
What is the ten thousands digit of 31111?
3
What is the tens digit of 850?
5
What is the hundreds digit of 786?
7
What is the units digit of 977?
7
What is the hundreds digit of 2592?
5
What is the thousands digit of 10653?
0
What is the hundreds digit of 332?
3
What is the units digit of 2324?
4
What is the units digit of 61568?
8
What is the hundreds digit of 91691?
6
What is the hundreds digit of 141?
1
What is the tens digit of 101924?
2
What is the hundreds digit of 9874?
8
What is the tens digit of 253?
5
What is the thousands digit of 33967?
3
What is the thousands digit of 65519?
5
What is the tens digit of 5916?
1
What is the hundreds digit of 1172?
1
What is the units digit of 664?
4
What is the hundreds digit of 15724?
7
What is the thousands digit of 7596?
7
What is the tens digit of 2095?
9
What is the ten thousands digit of 19052?
1
What is the tens digit of 884?
8
What is the tens digit of 505?
0
What is the tens digit of 645?
4
What is the units digit of 29892?
2
What is the tens digit of 8247?
4
What is the thousands digit of 8166?
8
What is the hundreds digit of 1278?
2
What is the units digit of 93776?
6
What is the thousands digit of 1950?
1
What is the units digit of 45413?
3
What is the tens digit of 155361?
6
What is the thousands digit of 1093?
1
What is the thousands digit of 2698?
2
What is the hundreds digit of 5709?
7
What is the units digit of 762?
2
What is the units digit of 5514?
4
What is the thousands digit of 3471?
3
What is the hundreds digit of 2185?
1
What is the tens digit of 45641?
4
What is the thousands digit of 4298?
4
What is the thousands digit of 3201?
3
What is the hundreds digit of 764?
7
What is the units digit of 9335?
5
What is the thousands digit of 1552?
1
What is the thousands digit of 25968?
5
What is the hundreds digit of 2570?
5
What is the hundreds digit of 1273?
2
What is the tens digit of 434?
3
What is the thousands digit of 2972?
2
What is the units digit of 43585?
5
What is the units digit of 1244?
4
What is the tens digit of 17318?
1
What is the ten thousands digit of 25097?
2
What is the tens digit of 3554?
5
What is the tens digit of 932?
3
What is the tens digit of 351?
5
What is the thousands digit of 4867?
4
What is the units digit of 1237?
7
What is the thousands digit of 1231?
1
What is the tens digit of 1796?
9
What is the ten thousands digit of 23762?
2
What is the hundreds digit of 19789?
7
What is the units digit of 1440?
0
What is the hundred thousands digit of 129845?
1
What is the thousands digit of 5030?
5
What is the hundreds digit of 138?
1
What is the units digit of 6823?
3
What is the thousands digit of 69910?
9
What is the thousands digit of 4398?
4
What is the hundreds digit of 3544?
5
What is the ten thousands digit of 46291?
4
What is the ten thousands digit of 76378?
7
What is the units digit of 1400?
0
What is the units digit of 1688?
8
What is the tens digit of 1768?
6
What is the ten thousands digit of 40707?
4
What is the hundreds digit of 46890?
8
What is the units digit of 33653?
3
What is the units digit of 4143?
3
What is the thousands digit of 32419?
2
What is the units digit of 10568?
8
What is the thousands digit of 2370?
2
What is the tens digit of 854?
5
What is the ten thousands digit of 38114?
3
What is the thousands digit of 85601?
5
What is the tens digit of 906?
0
What is the units digit of 4?
4
What is the units digit of 3314?
4
What is the hundreds digit of 12366?
3
What is the tens digit of 720?
2
What is the tens digit of 7592?
9
What is the units digit of 3986?
6
What is the units digit of 107860?
0
What is the units digit of 1395?
5
What is the thousands digit of 4595?
4
What is the units digit of 983?
3
What is the units digit of 901?
1
What is the ten thousands digit of 129283?
2
What is the units digit of 625?
5
What is the thousands digit of 1584?
1
What is the hundreds digit of 500?
5
What is the tens digit of 8485?
8
What is the units digit of 27136?
6
What is the thousands digit of 19434?
9
What is the thousands digit of 2228?
2
What is the tens digit of 73642?
4
What is the hundreds digit of 13259?
2
What is the thousands digit of 33336?
3
What is the units digit of 17350?
0
What is the tens digit of 3583?
8
What is the hundreds digit of 25556?
5
What is the tens digit of 657?
5
What is the tens digit of 4943?
4
What is the thousands digit of 30034?
0
What is the tens digit of 11776?
7
What is the thousands digit of 21348?
1
What is the thousands digit of 1315?
1
What is the units digit of 1016?
6
What is the tens digit of 3418?
1
What is the tens digit of 47191?
9
What is the units digit of 92345?
5
What is the thousands digit of 3648?
3
What is the hundreds digit of 871?
8
What is the tens digit of 838?
3
What is the units digit of 9667?
7
What is the hundreds digit of 5090?
0
What is the hundreds digit of 2807?
8
What is the thousands digit of 1878?
1
What is the hundreds digit of 445?
4
What is the hundreds digit of 207?
2
What is the hundreds digit of 744?
7
What is the hundreds digit of 3050?
0
What is the units digit of 1382?
2
What is the tens digit of 2421?
2
What is the tens digit of 18971?
7
What is the hundreds digit of 645?
6
What is the hundreds digit of 24493?
4
What is the tens digit of 4527?
2
What is the hundreds digit of 1125?
1
What is the hundreds digit of 3037?
0
What is the tens digit of 123?
2
What is the thousands digit of 1535?
1
What is the units digit of 14064?
4
What is the thousands digit of 1565?
1
What is the hundreds digit of 51670?
6
What is the ten thousands digit of 48477?
4
What is the hundreds digit of 496?
4
What is the tens digit of 5356?
5
What is the thousands digit of 26965?
6
What is the ten thousands digit of 47412?
4
What is the ten thousands digit of 45154?
4
What is the tens digit of 1394?
9
What is the units digit of 170?
0
What is the thousands digit of 21786?
1
What is the tens digit of 1172?
7
What is the hundreds digit of 37915?
9
What is the hundreds digit of 10187?
1
What is the thousands digit of 3969?
3
What is the units digit of 4043?
3
What is the tens digit of 852?
5
What is the units digit of 2452?
2
What is the tens digit of 854?
5
What is the tens digit of 73020?
2
What is the units digit of 39614?
4
What is the hundreds digit of 677?
6
What is the thousands digit of 4432?
4
What is the tens digit of 7342?
4
What is the units digit of 1727?
7
What is the hundreds digit of 16345?
3
What is the hundreds digit of 11737?
7
What is the hundreds digit of 5114?
1
What is the units digit of 550?
0
What is the units digit of 24241?
1
What is the ten thousands digit of 81675?
8
What is the units digit of 151?
1
What is the thousands digit of 8083?
8
What is the tens digit of 880?
8
What is the units digit of 53645?
5
What is the units digit of 15609?
9
What is the tens digit of 6397?
9
What is the units digit of 38?
8
What is the tens digit of 43026?
2
What is the hundreds digit of 9102?
1
What is the hundreds digit of 4048?
0
What is the ten thousands digit of 13424?
1
What is the units digit of 4483?
3
What is the tens digit of 85273?
7
What is the thousands digit of 21411?
1
What is the tens digit of 55537?
3
What is the units digit of 442?
2
What is the hundreds digit of 794?
7
What is the units digit of 21834?
4
What is the ten thousands digit of 25176?
2
What is the hundreds digit of 47324?
3
What is the units digit of 5759?
9
What is the hundreds digit of 3